{"id":55,"date":"2020-05-05T22:57:09","date_gmt":"2020-05-05T22:57:09","guid":{"rendered":"https:\/\/www.dr-sigrun-simon.at\/ordination\/?page_id=55"},"modified":"2020-05-05T23:15:12","modified_gmt":"2020-05-05T23:15:12","slug":"impressum-datenschutz","status":"publish","type":"page","link":"https:\/\/www.dr-sigrun-simon.at\/ordination\/impressum-datenschutz\/","title":{"rendered":"Impressum &#038; Datenschutz"},"content":{"rendered":"\t\t<div data-elementor-type=\"wp-page\" data-elementor-id=\"55\" class=\"elementor elementor-55\" data-elementor-post-type=\"page\">\n\t\t\t\t\t\t<section class=\"elementor-section elementor-top-section elementor-element elementor-element-a7947bb elementor-section-boxed elementor-section-height-default elementor-section-height-default\" data-id=\"a7947bb\" data-element_type=\"section\" data-settings=\"{&quot;background_background&quot;:&quot;classic&quot;}\">\n\t\t\t\t\t\t<div class=\"elementor-container elementor-column-gap-default\">\n\t\t\t\t\t<div class=\"elementor-column elementor-col-16 elementor-top-column elementor-element elementor-element-20722b5f\" data-id=\"20722b5f\" data-element_type=\"column\">\n\t\t\t<div class=\"elementor-widget-wrap\">\n\t\t\t\t\t\t\t<\/div>\n\t\t<\/div>\n\t\t\t\t<div class=\"elementor-column elementor-col-66 elementor-top-column elementor-element elementor-element-5c9c41f0\" data-id=\"5c9c41f0\" data-element_type=\"column\">\n\t\t\t<div class=\"elementor-widget-wrap elementor-element-populated\">\n\t\t\t\t\t\t<div class=\"elementor-element elementor-element-48e0913e elementor-widget elementor-widget-heading\" data-id=\"48e0913e\" data-element_type=\"widget\" data-widget_type=\"heading.default\">\n\t\t\t\t<div class=\"elementor-widget-container\">\n\t\t\t\t\t<h2 class=\"elementor-heading-title elementor-size-default\">Impressum &amp; Offenlegung gem. \u00a7 25 Mediengesetz, \n\u00a753 \u00c4rzteG sowie Anbieteridentifizierung gem. \u00a7 5\/1 ECG<\/h2>\t\t\t\t<\/div>\n\t\t\t\t<\/div>\n\t\t\t\t<div class=\"elementor-element elementor-element-c461c76 elementor-widget elementor-widget-text-editor\" data-id=\"c461c76\" data-element_type=\"widget\" data-widget_type=\"text-editor.default\">\n\t\t\t\t<div class=\"elementor-widget-container\">\n\t\t\t\t\t\t\t\t\t<div style=\"padding: 5px 10px; border: solid grey 1px; border-radius: 5px; width: inherit; font-size: 16px;\"><div><p style=\"text-align: center;\"><b style=\"font-size: 18px;\">Dr. Sigrun Simon<\/b><\/p><p style=\"text-align: center;\">Kauderstra\u00dfe 77<br \/>1220 Wien<br \/>Tel: +43 699 144 22 696<\/p><p style=\"text-align: center;\"><a href=\"mailto:%20ordination@dr-sigrun-simon.at\">ordination@dr-sigrun-simon.at<\/a><br \/><a href=\"https:\/\/www.dr-sigrun-simon.at\">www.dr-sigrun-simon.at<\/a><\/p><p style=\"text-align: center;\">Webdesign \/ Entwicklung:<br \/><a href=\"http:\/\/www.simons-solutions.com\/SOL\/index.php?page=impressum\">Ing. Dkfm. Peter Simon<\/a><\/p><p style=\"text-align: center;\">Bankverbindung<br \/>IBAN: AT26 1420 0200 1252 7021<br \/>BIC: EASYATW1 \/ Easybank<\/p><\/div><div><h3 style=\"text-align: left;\"><b>Verweise und Links<\/b><\/h3><p>Bei direkten oder indirekten Verweisen auf fremde Webseiten (\u201eHyperlinks\u201d), die au\u00dferhalb des Verantwortungsbereiches des Autors liegen, w\u00fcrde eine Haftungsverpflichtung ausschlie\u00dflich in dem Fall in Kraft treten, in dem der Autor von den Inhalten Kenntnis hat und es ihm technisch m\u00f6glich und zumutbar w\u00e4re, die Nutzung im Falle rechtswidriger Inhalte zu verhindern.Der Autor erkl\u00e4rt hiermit ausdr\u00fccklich, dass zum Zeitpunkt der Linksetzung keine illegalen Inhalte auf den zu verlinkenden Seiten erkennbar waren.<br \/>Auf die aktuelle und zuk\u00fcnftige Gestaltung, die Inhalte oder die Urheberschaft der verlinkten\/verkn\u00fcpften Seiten hat der Autor keinerlei Einfluss.<br \/>Deshalb distanziert sich der Autor hiermit ausdr\u00fccklich von allen Inhalten aller verlinkten\/verkn\u00fcpften Seiten, die nach der Linksetzung ver\u00e4ndert wurden. Diese Feststellung gilt f\u00fcr alle innerhalb des eigenen Internetangebotes gesetzten Links und Verweise sowie f\u00fcr Fremdeintr\u00e4ge in vom Autor eingerichteten G\u00e4steb\u00fcchern, Diskussionsforen, Linkverzeichnissen, Mailinglisten und in allen anderen Formen von Datenbanken, auf deren Inhalt externe Schreibzugriffe m\u00f6glich sind.<br \/>F\u00fcr illegale, fehlerhafte oder unvollst\u00e4ndige Inhalte und insbesondere f\u00fcr Sch\u00e4den, die aus der Nutzung oder Nichtnutzung solcherart dargebotener Informationen entstehen, haftet allein der Anbieter der Seite, auf welche verwiesen wurde, nicht derjenige, der \u00fcber Links auf die jeweilige Ver\u00f6ffentlichung lediglich verweist.<\/p><h3>Rechtswirksamkeit dieses Haftungsausschlusses<\/h3><p>Dieser Haftungsausschluss ist als Teil des Internetangebotes zu betrachten, von dem aus auf diese Seite verwiesen wurde. Sofern Teile oder einzelne Formulierungen dieses Textes der geltenden Rechtslage nicht, nicht mehr oder nicht vollst\u00e4ndig entsprechen sollten, bleiben die \u00fcbrigen Teile des Dokumentes in ihrem Inhalt und ihrer G\u00fcltigkeit davon unber\u00fchrt.<\/p><\/div><div><h3>Datenschutzerkl\u00e4rung als Arzt<\/h3><p>Die Daten der Patienten und Interessenten und anderer Auftraggeber oder Vertragspartner (einheitlich bezeichnet als \u201ePatienten\u201c) werden entsprechend Art. 6 Abs. 1 lit. b) DSGVO verarbeiten, um ihnen gegen\u00fcber vertragliche oder vorvertragliche Leistungen zu erbringen.<\/p><p>Die hierbei verarbeiteten Daten, die Art, der Umfang und der Zweck und die Erforderlichkeit ihrer Verarbeitung, bestimmen sich nach dem zugrundeliegenden Vertragsverh\u00e4ltnis.<\/p><p>Zu den verarbeiteten Daten geh\u00f6ren grunds\u00e4tzlich Bestands- und Stammdaten der Patienten (z.B., Name, Adresse, etc.), als auch die Kontaktdaten (z.B., E-Mailadresse, Telefon, etc.), die Vertragsdaten (z.B. in Anspruch genommene Leistungen, erworbene Produkte, Kosten, Namen von Kontaktpersonen) und Zahlungsdaten (z.B., Bankverbindung, Zahlungshistorie, etc.).<\/p><p>In Rahmen der Leistungen k\u00f6nnen ferner besondere Kategorien von Daten gem. Art. 9 Abs. 1 DSGVO, hier insbesondere Angaben zur Gesundheit der Patienten, ggf. mit Bezug zu deren Sexualleben oder der sexuellen Orientierung, verarbeitet werden. Hierzu wird, sofern erforderlich, gem. Art. 6 Abs. 1 lit. a., Art. 7, Art. 9 Abs. 2 lit. a. DSGVO eine ausdr\u00fcckliche Einwilligung der Patienten eingeholt und die besonderen Kategorien von Daten ansonsten zu Zwecken der Gesundheitsvorsorge auf Grundlage des Art. 9 Abs. 2 lit h. DSGVO, \u00a7 22 Abs. 1 Nr. 1 b. BDSG verarbeiten.<\/p><p>Sofern f\u00fcr die Vertragserf\u00fcllung oder gesetzlich erforderlich, werden die Daten der Patienten im Rahmen der Kommunikation mit medizinischen Fachkr\u00e4ften, an der Vertragserf\u00fcllung erforderlicherweise oder typischerweise beteiligten Dritten, wie z.B. Labore, Abrechnungsstellen oder vergleichbare Dienstleister, sofern dies der Erbringung unserer Leistungen gem. Art. 6 Abs. 1 lit b. DSGVO dient, gesetzlich gem. Art. 6 Abs. 1 lit c. DSGVO vorgeschrieben ist, den Interessen der Patienten an einer effizienten und kosteng\u00fcnstigen Gesundheitsversorgung als berechtigtes Interesse gem. Art. 6 Abs. 1 lit f. DSGVO dient oder gem. Art. 6 Abs. 1 lit d. DSGVO notwendig ist, um lebenswichtige Interessen der Patienten oder einer anderen nat\u00fcrlichen Person zu sch\u00fctzen oder im Rahmen einer Einwilligung gem. Art. 6 Abs. 1 lit. a., Art. 7 offenbart oder \u00fcbermittelt.<\/p><p>Die L\u00f6schung der Daten erfolgt, wenn die Daten zur Erf\u00fcllung vertraglicher oder gesetzlicher F\u00fcrsorgepflichten sowie Umgang mit etwaigen Gew\u00e4hrleistungs- und vergleichbaren Pflichten nicht mehr erforderlich ist, wobei die Erforderlichkeit der Aufbewahrung der Daten alle drei Jahre \u00fcberpr\u00fcft wird; im \u00dcbrigen gelten die gesetzlichen Aufbewahrungspflichten.<\/p><\/div><\/div>\t\t\t\t\t\t\t\t<\/div>\n\t\t\t\t<\/div>\n\t\t\t\t\t<\/div>\n\t\t<\/div>\n\t\t\t\t<div class=\"elementor-column elementor-col-16 elementor-top-column elementor-element elementor-element-25242ff3\" data-id=\"25242ff3\" data-element_type=\"column\">\n\t\t\t<div class=\"elementor-widget-wrap\">\n\t\t\t\t\t\t\t<\/div>\n\t\t<\/div>\n\t\t\t\t\t<\/div>\n\t\t<\/section>\n\t\t\t\t<\/div>\n\t\t","protected":false},"excerpt":{"rendered":"<p>Impressum &amp; Offenlegung gem. \u00a7 25 Mediengesetz, \u00a753 \u00c4rzteG sowie Anbieteridentifizierung gem. \u00a7 5\/1 ECG Dr. Sigrun Simon Kauderstra\u00dfe 771220 WienTel: +43 699 144 22 696 ordination@dr-sigrun-simon.atwww.dr-sigrun-simon.at Webdesign \/ Entwicklung:Ing. Dkfm. Peter Simon BankverbindungIBAN: AT26 1420 0200 1252 7021BIC: EASYATW1 \/ Easybank Verweise und Links Bei direkten oder indirekten Verweisen auf fremde Webseiten (\u201eHyperlinks\u201d), die [&hellip;]<\/p>\n","protected":false},"author":1,"featured_media":0,"parent":0,"menu_order":0,"comment_status":"closed","ping_status":"open","template":"","meta":{"ocean_post_layout":"full-screen","ocean_both_sidebars_style":"","ocean_both_sidebars_content_width":0,"ocean_both_sidebars_sidebars_width":0,"ocean_sidebar":"0","ocean_second_sidebar":"0","ocean_disable_margins":"enable","ocean_add_body_class":"","ocean_shortcode_before_top_bar":"","ocean_shortcode_after_top_bar":"","ocean_shortcode_before_header":"","ocean_shortcode_after_header":"","ocean_has_shortcode":"","ocean_shortcode_after_title":"","ocean_shortcode_before_footer_widgets":"","ocean_shortcode_after_footer_widgets":"","ocean_shortcode_before_footer_bottom":"","ocean_shortcode_after_footer_bottom":"","ocean_display_top_bar":"default","ocean_display_header":"default","ocean_header_style":"","ocean_center_header_left_menu":"0","ocean_custom_header_template":"0","ocean_custom_logo":0,"ocean_custom_retina_logo":0,"ocean_custom_logo_max_width":0,"ocean_custom_logo_tablet_max_width":0,"ocean_custom_logo_mobile_max_width":0,"ocean_custom_logo_max_height":0,"ocean_custom_logo_tablet_max_height":0,"ocean_custom_logo_mobile_max_height":0,"ocean_header_custom_menu":"0","ocean_menu_typo_font_family":"0","ocean_menu_typo_font_subset":"","ocean_menu_typo_font_size":0,"ocean_menu_typo_font_size_tablet":0,"ocean_menu_typo_font_size_mobile":0,"ocean_menu_typo_font_size_unit":"px","ocean_menu_typo_font_weight":"","ocean_menu_typo_font_weight_tablet":"","ocean_menu_typo_font_weight_mobile":"","ocean_menu_typo_transform":"","ocean_menu_typo_transform_tablet":"","ocean_menu_typo_transform_mobile":"","ocean_menu_typo_line_height":0,"ocean_menu_typo_line_height_tablet":0,"ocean_menu_typo_line_height_mobile":0,"ocean_menu_typo_line_height_unit":"","ocean_menu_typo_spacing":0,"ocean_menu_typo_spacing_tablet":0,"ocean_menu_typo_spacing_mobile":0,"ocean_menu_typo_spacing_unit":"","ocean_menu_link_color":"","ocean_menu_link_color_hover":"","ocean_menu_link_color_active":"","ocean_menu_link_background":"","ocean_menu_link_hover_background":"","ocean_menu_link_active_background":"","ocean_menu_social_links_bg":"","ocean_menu_social_hover_links_bg":"","ocean_menu_social_links_color":"","ocean_menu_social_hover_links_color":"","ocean_disable_title":"default","ocean_disable_heading":"default","ocean_post_title":"","ocean_post_subheading":"","ocean_post_title_style":"","ocean_post_title_background_color":"","ocean_post_title_background":0,"ocean_post_title_bg_image_position":"","ocean_post_title_bg_image_attachment":"","ocean_post_title_bg_image_repeat":"","ocean_post_title_bg_image_size":"","ocean_post_title_height":0,"ocean_post_title_bg_overlay":0.5,"ocean_post_title_bg_overlay_color":"","ocean_disable_breadcrumbs":"default","ocean_breadcrumbs_color":"","ocean_breadcrumbs_separator_color":"","ocean_breadcrumbs_links_color":"","ocean_breadcrumbs_links_hover_color":"","ocean_display_footer_widgets":"default","ocean_display_footer_bottom":"default","ocean_custom_footer_template":"0","osp_disable_panel":"default","footnotes":""},"class_list":["post-55","page","type-page","status-publish","hentry","entry"],"_links":{"self":[{"href":"https:\/\/www.dr-sigrun-simon.at\/ordination\/wp-json\/wp\/v2\/pages\/55","targetHints":{"allow":["GET"]}}],"collection":[{"href":"https:\/\/www.dr-sigrun-simon.at\/ordination\/wp-json\/wp\/v2\/pages"}],"about":[{"href":"https:\/\/www.dr-sigrun-simon.at\/ordination\/wp-json\/wp\/v2\/types\/page"}],"author":[{"embeddable":true,"href":"https:\/\/www.dr-sigrun-simon.at\/ordination\/wp-json\/wp\/v2\/users\/1"}],"replies":[{"embeddable":true,"href":"https:\/\/www.dr-sigrun-simon.at\/ordination\/wp-json\/wp\/v2\/comments?post=55"}],"version-history":[{"count":4,"href":"https:\/\/www.dr-sigrun-simon.at\/ordination\/wp-json\/wp\/v2\/pages\/55\/revisions"}],"predecessor-version":[{"id":65,"href":"https:\/\/www.dr-sigrun-simon.at\/ordination\/wp-json\/wp\/v2\/pages\/55\/revisions\/65"}],"wp:attachment":[{"href":"https:\/\/www.dr-sigrun-simon.at\/ordination\/wp-json\/wp\/v2\/media?parent=55"}],"curies":[{"name":"wp","href":"https:\/\/api.w.org\/{rel}","templated":true}]}}